z(7). Calculate the highest common factor of f and t.
54
Let l be (52 + (4 - -3))*11. What is the highest common divisor of 33 and l?
11
Let x(b) = 45*b**2 - 51*b - 428. Let y be x(-7). Calculate the greatest common divisor of 1552 and y.
194
Suppose 5*b - 436 = -4*h, 316 = b + 3*b - 5*h. Suppose -10*y + 2*v - 502 = -13*y, 4*y + 3*v = 669. Calculate the greatest common divisor of y and b.
84
Let i(k) = k**2 - k. Let l be i(0). Let r be (-1924)/(-185)*5/2. Suppose l = 7*s - 23 - r. What is the highest common divisor of s and 1?
1
Let m be -5*(564/(-48) - 10/8). Suppose -63*j = -m*j + 182. What is the highest common divisor of 26 and j?
13
Suppose -3*t + 4*g = -t - 1130, -4 = 2*g. Let z be 25 - -23 - (11 + 4). What is the greatest common factor of t and z?
33
Let o be (-1 + -1 + 2)/(0 - -1). Suppose -64*l + 59*l + 220 = o. Suppose 6 = -2*c, 2*c = 4*u - c - 25. Calculate the greatest common divisor of l and u.
4
Suppose 4*q - 12 = q. Suppose q*k + 2*n - 26 = 0, -4*k + 3*k + 11 = 5*n. Suppose k = 5*a + 1. What is the highest common factor of 1 and a?
1
Let j(g) = 105*g**2 + 7*g - 5. Let h(k) = k**2 + 14*k - 70. Let a be h(-18). Let u be j(a). Calculate the highest common factor of u and 39.
39
Let o(m) = 2*m**2 + 153*m + 422. Let y be o(-74). What is the highest common divisor of 2366 and y?
26
Suppose 0*z - 70215 = -15*z. Suppose -z*i + 4677*i = -4608. What is the greatest common divisor of i and 16?
16
Suppose -28*j + 27 = -85. Suppose -5*o + j*y + 1120 = 0, 2*o - 5*o + 3*y + 672 = 0. Calculate the highest common factor of o and 14.
14
Let o be ((-10)/6)/((-4)/12). Suppose -o*p - 3*s = -2*s - 22, -s + 2 = 0. Let y be 1*p/(12/39). Calculate the greatest common divisor of 143 and y.
13
Suppose 3*h + 2*h - 15 = 0, 2*w + 2 = 4*h. Suppose 3*v + 449 = 5*b, -w*v + 6*v = -2*b + 184. Calculate the greatest common divisor of 21 and b.
7
Let c(w) = 3*w**2 + 8*w - 3. Let r be c(5). Suppose -13*k = 63 + 41. Let l be 16 - (8/6 - k/(-6)). Calculate the highest common factor of l and r.
16
Let b be 16*(6/(-12) - -1). Suppose 83*h - b = 79*h. Calculate the highest common divisor of h and 64.
2
Suppose 62*o - 35 = 67*o, -8402 = -3*m + 2*o. What is the highest common divisor of 12 and m?
12
Let p be 1 + 1 - (-5 + 10)*1. Let d be (17/p - -5)*(1 + -4). Suppose -x = 0, -d*x + 90 = 5*m + 2*x. Calculate the greatest common divisor of m and 45.
9
Let p(c) = -56*c - 293. Let a be p(-7). Calculate the greatest common divisor of 1023 and a.
33
Suppose 491 + 491 + 348 = 115*q + 180. Let n = 1033 + -503. Calculate the greatest common factor of n and q.
10
Suppose -4*a = -9*a + 4*i + 72, -4*i = a - 24. Let g(l) = 7*l**2 + 3*l + 108. Let n be g(-9). Calculate the greatest common factor of n and a.
8
Let s be 350/30*(-15 + 309). Calculate the highest common factor of 10 and s.
10
Let c(i) = -17*i - 86. Let j be c(-8). What is the greatest common divisor of 17525 and j?
25
Let y(u) = u**2 - 57*u - 131. Let m be y(60). Calculate the highest common factor of m and 476.
7
Suppose 3*s - 7*x = -2*x - 61, 0 = s - x + 17. Let y(p) = -p - 21. Let g be y(s). Let c be 0 + 4/((-12)/g). Calculate the greatest common divisor of c and 2.
1
Let h(w) = -97*w + 1403. Let n be h(14). Let z be (-81)/(-15) - 6/15. Suppose 3*l + 35 + 34 = 4*o, 13 = o - z*l. What is the highest common factor of o and n?
9
Suppose w + 16 = 2*h, 0*h + 5*h + w - 54 = 0. Let f(i) = -i**3 - 11*i**2 - 11*i - 8. Let k be f(-10). What is the greatest common factor of k and h?
2
Let b = 3313 - 3215. What is the highest common factor of 1519 and b?
49
Suppose 2*w + 2*h - 20 = 0, -2*h - 7 + 5 = 0. Let i = 23 - w. What is the greatest common divisor of 276 and i?
12
Let y(g) = -14*g - 2. Let b be y(-3). Let k(u) = -225*u**3 - 7*u**2 + 98*u + 100. Let p be k(-1). What is the highest common divisor of b and p?
20
Suppose -70*a - 571 = 68*a - 4159. Let p(d) = -d**2 + 10*d + 10. Let g be p(8). What is the greatest common factor of a and g?
26
Let b(j) = -2*j**2 + 41*j + 18. Let s be b(18). Let r be (2*(-26)/(-8))/(54/s). Calculate the greatest common factor of 676 and r.
13
Let p = 4265 + -4262. What is the greatest common factor of p and 26?
1
Let l = -3989 + 4095. What is the highest common factor of l and 2279?
53
Let z = 379 + -355. What is the highest common divisor of z and 24?
24
Suppose -5*u - 92 = -3*p - 2842, 0 = 3*u - 4*p - 1650. What is the greatest common factor of u and 100?
50
Let l(x) = x**2 - 9*x + 14. Let t be l(8). Suppose 3*g - t = 138. What is the highest common factor of g and 12?
12
Let g = 5459 - 379. What is the highest common factor of 40 and g?
40
Let h(l) = 5*l**3 - 96*l**2 - 31*l + 329. Let f be h(25). What is the greatest common factor of 498 and f?
249
Suppose -3*q = -j - 104 - 196, -q = j - 96. Suppose -3*b + 114 = 4*u - q, -5 = 5*b. Calculate the greatest common factor of u and 2.
2
Suppose 251 + 1477 = 8*o. Let b = 21 - -60. What is the greatest common factor of b and o?
27
Let s = -123 + 127. Let w(a) = 2*a**2 + 6*a - 5. Let x be w(s). Suppose x*n - 29 = 50*n. Calculate the greatest common factor of n and 29.
29
Suppose 0 = 4*y + 4*h - 368, -3*y + 2*h = -91 - 200. Let b be 0 - (-23 + (-4)/1*-1). Calculate the highest common factor of b and y.
19
Suppose 21*a + 17*a = 57*a - 12502. Suppose 4*b = 5*b - 14. Calculate the greatest common divisor of b and a.
14
Suppose 23*h + 474 = 3*i, 9*i - h + 554 = 14*i. Suppose -4 - 4 = -4*q, 2*x - 5*q - 84 = 0. Suppose 4*f - 17 = x. What is the greatest common divisor of i and f?
16
Let v be ((-18)/4)/((-21)/4900*1). What is the greatest common factor of v and 1225?
175
Let l = -5 + -1. Let s be 2 + 15/6 + 3/l. Suppose -s*z - 3*w = -2*w - 19, -z = 3*w - 2. What is the highest common divisor of 3 and z?
1
Suppose -94*t - 3*f + 849 = -91*t, -2*t = -f - 542. Calculate the greatest common factor of 3175 and t.
25
Let t be ((-7076)/10)/((-6)/(-30)*38/(-114)). Calculate the highest common divisor of t and 122.
122
Let u be 0/(144/16) - (-998 - (0 + -4)). Calculate the greatest common factor of u and 42.
14
Let u be 30/6 + (0 - -2 - 4). Suppose 16*i = 29 + u. Let f(s) = -s - 1. Let n be f(-3). What is the greatest common factor of n and i?
2
Let n(k) = 10*k**2 - 4*k + 5. Let r be n(1). Let l be -2*(-9)/(-6) - -4. Calculate the greatest common factor of r and l.
1
Let h(z) = -z**2 - 17*z - 21. Suppose 4*t = -2*j + 2, -28 = 5*j - 5*t + 4*t. Let u = j - 10. Let g be h(u). What is the highest common factor of g and 9?
9
Suppose -10393 = -70*o + 6267. Calculate the greatest common divisor of 1309 and o.
119
Let t be 38/3*(-21)/(-14) - 3. Suppose t*u = 27*u - 2024. What is the highest common factor of u and 8?
8
Suppose -292*t = 261*t - 165573 + 49443. Calculate the greatest common divisor of t and 46200.
210
Let n(r) = -3*r**2 - 10*r - 14. Let p be n(-2). Let o(j) = 2*j**2 - 4*j - 55. Let c be o(p). Calculate the highest common factor of 41 and c.
41
Let x(f) = 15*f - 10. Let i(a) = -a + 9. Let m be i(6). Let k be x(m). Let d be (-16)/10*k/(-14). What is the highest common factor of 28 and d?
4
Let z(d) be the first derivative of d**3/3 - d**2 - 2*d - 1. Let n be z(3). Let o be (n/3*3)/(5/380). What is the greatest common divisor of o and 114?
38
Let s(y) = -15*y**3 - 298*y**2 + 24*y - 5. Let u be s(-20). What is the greatest common factor of 665 and u?
35
Suppose 0 = 54*o - 109*o + 7865. What is the greatest common factor of o and 275?
11
Let s be (-172)/((-30)/20 - 4/8). Calculate the greatest common factor of 43 and s.
43
Let g(m) = 98*m**2 - 491*m + 975. Let a be g(2). What is the greatest common factor of a and 31955?
385
Suppose 0 = 6*s + 26 - 14. Let m be -5 - (-50)/5 - (s + -163). What is the highest common factor of m and 10?
10
Suppose 63*c + 20 = 68*c. Suppose 2*o + s - 107 - 345 = 0, c*s = 16. What is the highest common divisor of 4 and o?
4
Let n(a) = a**3 - 9*a**2 - 2*a + 118. Let w be n(6). Let o(k) = -3 + 4 - 5 + k - 3*k**3. Let d be o(w). Calculate the greatest common factor of d and 144.
18
Let d be ((32/(-192))/(2/(-12)))/((-1)/(-2)). Calculate the greatest common divisor of d and 18.
2
Suppose 0 = l - 4*f - 60, f + 113 = 2*l - 0*f. Suppose -l*z = -51*z - 75. Calculate the greatest common factor of z and 330.
15
Let t be 1075/3 - ((-16)/(-3) + -4). Let